be g(6). Suppose 0 = 5*l - 3*y - 50, -5*l = -5*y + y - 55. Suppose a + l = t. What is the units digit of a?
2
Let t be 52/(-8) - 3/2. What is the units digit of 2/t + (-9)/(-4)?
2
Suppose -g = 2*x - 5*g, -2*g + 8 = -5*x. Let l(i) = -6*i - 2. Let j be l(x). Suppose 3*h = 40 - j. What is the units digit of h?
0
Let m = -5 - -45. What is the units digit of m?
0
Suppose -3247 = -12*u + 113. What is the units digit of u?
0
Let x = -87 + 127. What is the units digit of x?
0
Let m = 10 - 23. Let u = 19 - m. What is the units digit of u?
2
Let p(g) be the third derivative of -g**4/12 - g**3/6 - 3*g**2. What is the units digit of p(-3)?
5
Let a be 3/((-1)/1) + 1. Let t be 0/(2 - 1 - 2). Let k = t - a. What is the units digit of k?
2
Suppose -5 = 4*p + 11. What is the units digit of 142/10 + p/(-5)?
5
Let v(k) = 9*k**3 + 1. Let q be v(1). Let j be -5*(28/q + -2). Let i = j - -18. What is the tens digit of i?
1
What is the units digit of (-35)/(12/(-3) - -3)?
5
Let t = 5 - 1. Suppose 2*a - 11 = u, 5*a - 16 = a - t*u. What is the units digit of a?
5
Let r be 0 + (3 + 0)*-1. Let i be -3 + r + 0 + 17. Let t = i - 4. What is the units digit of t?
7
Let m(y) = -y**2 - 10*y + 1. Let t be -3 - (2/1 + 4). What is the units digit of m(t)?
0
Suppose -2*m - i + 12 = -5*i, -3*m + 14 = -2*i. Suppose -w - m*w = 4*x - 95, w - 19 = -3*x. What is the units digit of w/4 + (-2)/(-8)?
5
Suppose -3*j - 4 = -4*z - j, 0 = -2*z + 2*j + 4. Suppose -40 = -z*m - 5*m. What is the units digit of m?
8
Suppose 0*z = -3*z + 102. Suppose 6 + z = 4*r. What is the tens digit of r?
1
Let a(h) = -h**2 + 7*h + 3. Let c be a(7). Suppose 0*y - 3 = c*y. Let n = 3 + y. What is the units digit of n?
2
Let v be (2/4)/(4/24). Suppose -40 = -v*m - 3*p - 1, -3*p + 13 = m. What is the units digit of m?
3
Let b = -34 - -71. What is the units digit of b?
7
Let f(b) = 11*b - 11. What is the tens digit of f(11)?
1
Suppose 4 = -2*p + 10. What is the units digit of p?
3
Let v = 55 - 12. What is the tens digit of v?
4
Let t = 10 - 10. Suppose 4*p = -g - t*g + 55, -g = -3*p + 50. What is the units digit of p?
5
Let k be (-40)/(-12) - 2/(-3). Let s(o) = o - 1. Let j be s(k). Let b(m) = m**2 - 4. What is the units digit of b(j)?
5
Let a be (-27 - -9)/(-1 + 2). Let c = a + 20. What is the units digit of c?
2
Suppose 5*i + 5*s - 35 = 0, 0*i + s - 18 = -2*i. What is the tens digit of i?
1
Suppose 0 = w + h + 5, -h - 20 = 4*h. Let l(b) = 18*b + 1. Let j(p) = -90*p - 5. Let n(i) = -2*j(i) - 11*l(i). What is the units digit of n(w)?
7
Suppose -20 = -3*w + 5*a, 3*w - 2*a - 2*a - 16 = 0. Suppose -u + 2 = -0. Suppose w*f - u = -f. What is the units digit of f?
2
Let y be 1/(3/12*2). Suppose 2*x - 4*l - 24 = -y, 0 = -3*x + l + 13. What is the units digit of x?
3
Let p(q) = -q**2 - 6*q**2 - q**3 + 2 + 2*q**3 + 2*q + 0*q**2. What is the units digit of p(7)?
6
Suppose 0*l - 4*l = 4*t - 1204, -4*t + 1176 = -3*l. What is the hundreds digit of t?
2
Let d = -40 + 24. Let g = -2 - d. What is the tens digit of g?
1
Let z(a) = -26*a - 30. What is the units digit of z(-6)?
6
Suppose o + 5*o - 30 = 0. What is the units digit of o?
5
Suppose -v - v + 48 = 0. What is the tens digit of v?
2
Suppose 3*u - 536 = -5*j, 2*u - 79 - 310 = 3*j. What is the units digit of u?
7
Let i(n) be the third derivative of n**5/30 + n**4/8 + 3*n**3/2 - 5*n**2. What is the tens digit of i(-5)?
4
Suppose 3*j - 8 = j. Suppose 0 = i - j - 0. What is the units digit of (1 + -1)/(-2) + i?
4
Suppose -5*a = -289 + 99. What is the units digit of a?
8
What is the tens digit of 1202/18 + (-6)/(-27)?
6
What is the tens digit of 237/6 + 6/4?
4
Let r = 0 - -2. Suppose -18 - r = -5*d. What is the units digit of d?
4
Suppose -68*d - 387 = -71*d. What is the units digit of d?
9
Let p(k) = -k**2 + 9*k + 12. Suppose -3*o - 27 = 3*f, -5*f = 3*o + 13 + 24. Let s be 205/20 + 1/o. What is the units digit of p(s)?
2
Suppose -5 + 29 = -4*z. Let w = 11 + z. Let b(m) = m + 1. What is the units digit of b(w)?
6
Let d = -8 + 22. Suppose q = 3*r - 26, -d = -3*r + 5*q + 8. What is the units digit of r?
9
Let l(n) = -n**2 - n - 10. Let i be l(0). Let t = i + 9. What is the units digit of t/(1/(-19)) + -3?
6
What is the units digit of (-3094)/(-10) - 21/(-35)?
0
Suppose 0 = -i - 3, 0 = 3*q + 4*i + 4 - 1. What is the units digit of q/9 - 58/(-6)?
0
Let n be (-3 + (-21)/(-6))*0. Suppose 0 = -n*q + 2*q - 56. What is the units digit of q?
8
Suppose 0*w = 4*w - 40. What is the units digit of w?
0
Let p(k) = -2*k**3 - 2*k**2 + 7*k + 1. What is the units digit of p(-3)?
6
Let c(r) = 0 + 3*r**2 + r - 3*r - 2. What is the tens digit of c(-2)?
1
Suppose 2*v + 18 = -2*u, 2*v + 2 - 14 = 4*u. Suppose -3*w - 60 = 2*w. Let t = u - w. What is the units digit of t?
7
Let c = 53 + 130. What is the hundreds digit of c?
1
Let l(p) = 3*p**3 - 3*p**2 - p + 4. Let w be l(3). Suppose -3*g = 2*g - w. What is the tens digit of g?
1
Let u(g) be the third derivative of 0*g - 2*g**2 + 0 - 1/12*g**4 + 1/3*g**3. What is the units digit of u(-5)?
2
Let i be (-11)/1*4/(-4). Suppose k + i = 2*k. What is the tens digit of k?
1
Let z(a) = -a**3 + 11*a**2 + a - 4. Let t be z(11). Let m(h) = h**2 - 5*h - 8. Let v be m(t). What is the units digit of 170/12 + (-1)/v?
4
Let z(g) = -g**2 + 9*g - 9. Let l be z(7). Suppose 3*j = 2*k + 2*j - 8, -4*k + 16 = -l*j. What is the units digit of k?
4
Suppose 7*w - 475 = 99. What is the units digit of w?
2
Suppose 2*j + 3*j + 4*c = -34, 0 = -j - c - 6. Let b(y) = y + 13. What is the units digit of b(j)?
3
Let s = 25 + 49. What is the tens digit of s?
7
Let b(x) = 133*x**2 - 2*x - 4. What is the hundreds digit of b(-1)?
1
Let t(f) = 2*f**3 - 8*f**2 + 4*f - 5. What is the tens digit of t(5)?
6
Suppose -2 = -2*n + n. Suppose -5*h = -n*z - 38, -5*h - z - 26 = -67. Let q = 14 - h. What is the units digit of q?
6
Let g(y) = 23*y**3 + y**2. What is the tens digit of g(1)?
2
Suppose 1 = 3*t - 0*w + 2*w, -t - 2*w - 1 = 0. Let n be 1 - ((-3 - 10) + t). What is the units digit of 6 + -1 + -11 + n?
7
Let q be 32/18 + 4/18. Suppose -2*o + 8 = q*o. What is the units digit of (4/3)/(o/3)?
2
Let h(y) = 5*y**2 + y + 13. What is the units digit of h(4)?
7
Let j be 13/(-4) + 3/12. Let n(d) = -10*d + 5. What is the tens digit of n(j)?
3
Let r(g) be the first derivative of g**4/4 + 4*g**3/3 - g**2/2 + 5*g - 2. What is the units digit of r(-4)?
9
What is the units digit of 20/3*-9*(-2)/12?
0
Suppose -411 = 86*v - 89*v. What is the units digit of v?
7
Suppose 0*d = -2*d + 4*h + 20, 3*d + 3*h - 21 = 0. What is the units digit of d?
8
Suppose -5 - 10 = -3*d. Let s = 0 + d. What is the units digit of s?
5
Let x be (-3)/(-9) - (-1)/(-3). Let h be 2 + x - -1 - 0. Suppose -h*a = -2 - 10. What is the units digit of a?
4
Let p(h) = h**2 + 13*h - 2. What is the hundreds digit of p(-19)?
1
Let p(n) = -n**3 + 3*n**2 - 2*n - 3. Let o be p(4). Let b = 40 + o. What is the units digit of b?
3
Suppose 0 = -3*k + 5*k + 5*h - 245, -4*h = 2*k - 250. What is the tens digit of k?
3
Let i = 247 + -170. What is the tens digit of i?
7
Let d be -3 + 2 - 2*1. Let z be -2 - d - 12/3. What is the tens digit of 2/(-3)*6*z?
1
Let p be -4 - -5 - -2*1. What is the units digit of -35*p*(-2)/15?
4
Suppose 0 = 4*c - 4*g - 12, -4*g - 3 = -2*c + 7. Suppose -c = -2*x + 131. Suppose 5*v = x - 16. What is the units digit of v?
0
Let g(o) = 2*o**2 + o - 1. What is the tens digit of g(-3)?
1
Let u(r) = 26*r - 4. Let c(t) = -9*t + 1. Let v(p) = -7*c(p) - 2*u(p). What is the tens digit of v(1)?
1
Suppose 0 = 3*l - 6, -5*p + 0*p = 2*l - 104. Let w = p + -7. Let s = w - 2. What is the tens digit of s?
1
Let z = 23 + -11. What is the tens digit of z?
1
Suppose 0 = -16*t + 556 + 212. What is the units digit of t?
8
Let b(u) = 38*u**2 + u. What is the tens digit of b(-1)?
3
Let c(b) = b**2 - b - 12. What is the tens digit of c(-6)?
3
Let q = -23 + 39. What is the tens digit of q?
1
Suppose -4*d - 6 = 10, -2*m + 2*d + 4 = 0. Suppose -u = -2*p - 4, -2*u + 0*p = p + 17. What is the units digit of (2 - 1)/(m/u)?
3
Let g be -2*3/(6/13). Let p = -7 - g. What is the units digit of p?
6
Suppose 3*f - 30 = 3*h, -3*h = -0*f + 3*f - 30. What is the tens digit of f?
1
Let y(z) = z**2 - 15*z - 21. Let w be y(16). What is the tens digit of (-54)/w - 1/(-5)?
1
Suppose 